1 - 1. Let i(b) = 2*b - 127 - 119 + 371 - 127. Determine i(r).
10
Let b = 3633 - 3638. Let m(y) = -7*y - 29. Give m(b).
6
Let t = -217 - -585. Let g(x) = -t + 7*x - x**2 + 368. What is g(7)?
0
Let n(l) = -404 + 244 + 188 + l - 3*l. What is n(-11)?
50
Let p(i) = -7*i - 16 - i - i - 42*i**2 + 41*i**2. Let m be p(-3). Let g(n) = -n**2 + n + 2. What is g(m)?
0
Let i(r) = r**3 - 4*r**2 + 2*r - 3. Let o be ((-14)/(-105)*-3)/(2/(-240)). Let k = -48 + o. Suppose k*y - 2*y + 6 = 0. What is i(y)?
-6
Let a(y) = 7*y**2 - 2*y - 1. Suppose -12*g + 38 = -22. Suppose -3*f = 2*k - g*f, -3*k + 2*f = 1. Determine a(k).
8
Let l(f) = 19*f**3 - 56*f**2 - 26*f. Let q(x) = 16*x**3 - 44*x**2 - 26*x + 1. Let k(c) = 5*l(c) - 6*q(c). What is k(-18)?
174
Let n(x) be the first derivative of -x**3/3 - 4*x**2 - 33*x - 174. Calculate n(-6).
-21
Suppose 0 = 3*m + 9 - 18. Suppose 2*l = 4*n - m*n + 91, 5*n = 25. Let v = -41 + l. Let q(c) = -c**2 + 8*c - 1. Give q(v).
6
Let k(g) = 3*g**2 + 17*g + 18. Let h(d) = -6*d - 9. Let r(f) = 2*h(f) + k(f). What is r(-3)?
12
Let t(c) = -c**3 - 7*c**2 - 6*c + 1. Suppose 4*x + 3*l = -39, -51*l - 15 = 5*x - 54*l. Calculate t(x).
1
Let m = -3865 - -3865. Let g(h) = h**3 - 4*h - 22. Determine g(m).
-22
Let z(n) = n**3 + 6*n**2 + 5*n - 3. Suppose f + 32 = w + 9, -3*w - 26 = 2*f. Let q = -11 - f. Suppose -3*y - q = 7. Give z(y).
-3
Let m = 228 - 226. Let q(h) = h**m + 7*h - 3 - 15*h - 2*h. Determine q(10).
-3
Let m(q) = -10*q + 1230*q**2 - 15 + 38 - 611*q**2 - 618*q**2. Give m(7).
2
Let n(l) be the first derivative of -3*l**4/4 + l**3 - l**2/2 - 4*l + 2239. Calculate n(2).
-18
Let i(w) = -12*w - 7. Suppose 0 = -31*s + 35 - 159. Let j(l) = -9*l - 7. Let t(q) = s*i(q) + 5*j(q). Let o be (2 + -4 + 0)*-3. Determine t(o).
11
Let r(m) = -m**3 - 10*m**2 - 8*m + 1. Let w = -72 - -172. Let s = -109 + w. What is r(s)?
-8
Let a(u) = 3*u**3 - 11*u**2 + 13*u + 3. Let d(f) = f**3 + f + 1. Let h(n) = a(n) - 2*d(n). Let x be (-1258)/102 - 6/9 - -23. Calculate h(x).
11
Let x be (0 - (-3 + 6))*1. Let h(l) = 2*l - 3*l + 3 + 0*l. Calculate h(x).
6
Let y(f) = -4*f**2 - 51*f - 147. Let m(q) = q**2 + 22*q - 2288. Let b be m(38). Calculate y(b).
5
Let k(r) = 131*r**2 - 19*r + 34. Let m(h) = -491*h**2 + 74*h - 137. Let o(u) = -15*k(u) - 4*m(u). What is o(4)?
-22
Let q be (-21)/4 - (-36)/(-48). Let f(l) = -12*l. Let d(u) = 5*u. Let v(h) = q*f(h) - 15*d(h). Calculate v(2).
-6
Let i(w) = w**3 + 76*w**2 + 2*w + 154. Let o be i(-76). Let f(p) = 9*p**3 - 5*p**2 + 8*p - 6. Calculate f(o).
62
Let r(t) = -17*t - t + 2*t - 2*t + 0*t + 27. What is r(7)?
-99
Suppose 0 = -4*a + 4, -2*a = -3*v - 0*a + 52. Let f(w) = w**2 - 18*w + 15. Determine f(v).
15
Let f(r) = r + 19. Let q(o) = -o**3 + 5*o**2 + 15*o - 24. Let s be (-4 + 5)*1/((-1)/(-7)). Let w be q(s). What is f(w)?
2
Suppose 4*z = -20, -4*v - 2*z + 18 = -0*z. Let t(j) = 8*j**2 + 0*j**3 - 7*j + 6 - 10 - j**3 - 3. Calculate t(v).
-7
Let m(w) be the third derivative of w**6/120 - 11*w**5/60 + w**4/12 + 4*w**3 + 829*w**2. What is m(10)?
-56
Let u be (-2)/(-4)*(-65 - -31). Let m(x) = 153*x**3 - 301*x**3 - 17*x**2 + 147*x**3 - 7. What is m(u)?
-7
Let z = 52 + -30. Suppose -15 = z*a - 27*a. Let p(q) = q**3 + 4*q**2 - q + 2. Let i(j) = -j**3 - 4*j**2 - 3. Let c(n) = a*i(n) + 2*p(n). What is c(-4)?
3
Let y(a) be the second derivative of a**5/20 + a**4/12 + a**3/6 + a**2/2 - 31*a. Let w(d) = 3*d**3. Let z(s) = -w(s) + 2*y(s). What is z(3)?
-1
Let v(i) = i**2 + i + 120. Let r(h) = -h**2 - 2*h - 120. Let a(f) = 3*r(f) + 4*v(f). Let d(b) be the first derivative of a(b). Determine d(3).
4
Suppose -9 = b - 0*b. Suppose -37*k + 25*k + 120 = 0. Let h(w) = 0*w + 9*w - 3*w**2 + 4*w**2 + 0*w**2 + k. What is h(b)?
10
Suppose -10*a - 24 + 64 = 0. Let f(s) = -1 + s**3 - s**2 - a*s**2 - 898*s + 901*s. Let c = 2 + 1. Give f(c).
-10
Let b(k) = k**3 - 9*k**2 - k + 7. Let s(l) = 2*l - 28*l**2 + 9 + 3*l**3 - 1 - 7*l + 11. Let u(x) = 7*b(x) - 2*s(x). Give u(6).
-7
Let k(v) = v + 9. Let t(l) = -6*l - 39. Let r(f) = -20*k(f) - 4*t(f). Calculate r(9).
12
Let q(j) = j**3 + 6*j**2 + 5*j + 7. Let w(a) = -3*a**3 + 34*a**2 + 13*a + 7. Let o be w(11). Let r = -276 + o. Determine q(r).
7
Let v be (-4)/10 - 86/10. Let k = 15 + v. Let g(p) = 6*p + 64930*p**2 - 129814*p**2 + 64883*p**2. Calculate g(k).
0
Let s(p) be the third derivative of -p**4/2 + 10*p**3/3 - 1646*p**2. Calculate s(5).
-40
Suppose q - 13631 - 1303 = 0. Let p(l) = -2*l + 4*l + 14933*l**3 + 2*l**2 - q*l**3. Calculate p(3).
-3
Let p(n) = -n**2 + 2*n + 7. Let c(b) = b**3 - b**2 - 2*b + 4. Let d be c(2). Suppose 2*q + d*j = 12 + 12, 3*j + 70 = 4*q. Let r = q + -11. Determine p(r).
-8
Suppose 538*c - 532*c - 12 = 0. Let x(d) be the first derivative of -d**4/2 + d**3 - d**2/2 + 9. Calculate x(c).
-6
Suppose 0 = s + 2*v + 79, -2*s - 3*s + 4*v = 423. Let o be 2682/(-30) - (-96)/(-160). Let z = s - o. Let x(g) = g**3 - 8*g**2 + 7*g. What is x(z)?
0
Let m(y) = -2*y - 2. Suppose 15 = 7*g - 2*g. Suppose -s = -6*f + f - 30, g*s - f = 20. Give m(s).
-12
Let f(t) = -24*t**2 + 39*t - 13. Let z(g) = 21*g**2 - 38*g + 11. Let y(j) = -6*f(j) - 7*z(j). What is y(10)?
21
Let q(r) be the first derivative of -r**4/12 + 3*r**3/2 - r**2 + 55*r + 101. Let u(s) be the first derivative of q(s). Give u(6).
16
Let d(n) = -2*n + 14. Let v(x) be the second derivative of -x**5/20 + 3*x**4/4 - 4*x**3/3 + 7*x**2/2 + 5*x - 3. Let h be v(8). What is d(h)?
0
Suppose -4*k - 162 = 5*x, 17 - 143 = 4*x + 5*k. Let p(l) = l + 9. Determine p(x).
-25
Let k be (-140)/(-2) + 95 + -99. Suppose -235*r + 213*r = k. Let y(a) = -5*a**2 + a + 1. What is y(r)?
-47
Suppose -20*u = -18*u - 5*t + 14, t + 2 = -2*u. Let n(j) = -j**3 - 4*j**2 + 6. What is n(u)?
-2
Suppose 0 = w - 3*i + 20, 5*i - 18 = -w + 10. Let k(m) = m**3 + 7*m**2 - 8*m - 22. What is k(w)?
14
Let i(d) = 3*d + 2. Let s(k) = 3*k**2 + 8*k + 11. Let x(t) = t + 12. Let u be x(-14). Let b be s(u). Give i(b).
23
Let x be 15 - (9 + (-8)/2 + -2 + 1). Let o(m) = -59*m + 643. Give o(x).
-6
Let v(n) = 8*n**2 + 13*n - 26. Let a be v(6). Suppose -a + 338 = -2*u. Let w(g) = 9*g - 3. Give w(u).
6
Let o(f) = f**3 + 9*f**2 + 7*f + 9. Suppose -21 = -12*c + 16*c + b, 0 = 4*c - 5*b + 39. Calculate o(c).
75
Let d(m) = -m**2 - 5*m + 3. Let u be (-51)/2 - (-72)/48. Let l be (2 - -7)*((-40)/u - 2). What is d(l)?
9
Let x(l) be the first derivative of -l - 5/2*l**2 - 108. Calculate x(-10).
49
Let z be (-87)/29 - (57/(-3))/1. Let q be -8*(-4 + 72/z). Let h(w) = -w**3 - 3*w**2 + w - 5. Calculate h(q).
7
Let k(v) = 3*v + 12. Let d = 725 + -618. Let c = d + -107. Calculate k(c).
12
Let m = 23 - 19. Let v(q) = q**2 - 1 - 5*q**2 - m*q + 5*q**2 - 7. Let k = -110 - -116. Calculate v(k).
4
Let p(j) = 3*j**3 - j**2 + j + 1. Let r = 2796 + -2795. Determine p(r).
4
Let f be -25 + -1 + 0 + 15/(-5). Let r = 32 + f. Let z(o) = o - 2*o + 2*o - 5*o**r. Calculate z(-1).
4
Let w be (-1 + 0)/(-10*(-5)/(-150)). Let f(r) = 11*r - 28. Calculate f(w).
5
Let l(d) = 6*d**3 - 4*d**2 + 8*d - 5. Let i = -259 + 260. Let j be l(i). Let v(z) = -z**2 + 3*z + 6. Give v(j).
-4
Let b(p) be the first derivative of p**3/3 + 5*p**2 + 6565. Let w(i) = -i**2 - 2*i + 5. Let q be w(-5). Calculate b(q).
0
Suppose 22*c - 24*c - 8 = 0, 0 = -4*v + 5*c - 24. Let p(u) = 5*u + 61. What is p(v)?
6
Suppose -175 = -10*v - 125. Let w(k) = k**3 - 6*k**2 + 7*k - 7. Give w(v).
3
Let i(j) be the third derivative of -2*j**6/15 - j**5/20 + j**3/3 - 722*j**2. What is i(-1)?
15
Let o(q) be the first derivative of -q**3/3 + 4*q**2 + 10*q - 2324. Determine o(8).
10
Let i(k) = 2*k**2 - 2*k - 3. Let a be (-19)/(19/2)*5/(-2). Suppose -2*r = -n - 5, 2*r = -a*n - 3*r - 10. Calculate i(n).
21
Let x = 19018 + -19015. Let k(f) = 2*f**2. Let p be k(1). Let q(b) = -3 + b**2 - 1 + 0*b - p*b. Calculate q(x).
-1
Let h(m) = -m**3 - 3*m**2 - 24*m - 4. Let d(l) = -l**3 + 3*l**2 - l - 4. Let a(c) = -2*d(c) + h(c). Determine a(11).
4
Let j = 8029 - 8019. Let p(o) = 9*o - 9. Let a(k) = -k. Let v(s) = 6*a(s) + p(s). Determine v(j).
21
Let z(k) = -7*k + 16. Let o(t) = -3*t + 6. Suppose -5*y - g = -14, 5*y + 4*g - 16 = 10. Let w(c) = y*z(c) - 5*o(c). Give w(-3).
-1
Let i(r) = -63*r**2 + 28 - 63*r**2 - 60*r**2 + 40 + 185*r**2. What is i(0)?
68
Let h(j) be the third derivative of -j**6/40 + j**4/8 + j**3